072?
2, 311, 596119
What are the prime factors of 5065537645?
5, 7, 353, 409999
List the prime factors of 309013079.
309013079
What are the prime factors of 1432035950?
2, 5, 29, 47, 21013
What are the prime factors of 52824691?
157, 336463
List the prime factors of 4039894336.
2, 61, 1034809
List the prime factors of 1072112460.
2, 3, 5, 17868541
What are the prime factors of 1101891286?
2, 550945643
What are the prime factors of 417961352?
2, 52245169
What are the prime factors of 62166486?
2, 3, 67, 154643
What are the prime factors of 23974177?
43, 103, 5413
List the prime factors of 8739803018.
2, 9749, 448241
List the prime factors of 106672275.
3, 5, 23, 6871
List the prime factors of 9050621.
2609, 3469
List the prime factors of 51153052.
2, 12788263
List the prime factors of 50426406.
2, 3, 769, 3643
What are the prime factors of 265977115?
5, 53195423
What are the prime factors of 5752663948?
2, 37, 1050523
What are the prime factors of 10582197?
3, 3527399
List the prime factors of 31874695.
5, 47, 135637
What are the prime factors of 52631430?
2, 3, 5, 1754381
What are the prime factors of 1632932286?
2, 3, 431, 653, 967
List the prime factors of 1311116270.
2, 5, 461, 284407
What are the prime factors of 53247318?
2, 3, 709, 12517
What are the prime factors of 1201804004?
2, 23, 97, 137, 983
List the prime factors of 549651235.
5, 7, 31, 506591
What are the prime factors of 1183893217?
13, 91068709
List the prime factors of 138316765.
5, 2339, 11827
What are the prime factors of 200008382?
2, 7, 14286313
List the prime factors of 920382373.
229, 1667, 2411
List the prime factors of 85839202.
2, 47, 913183
What are the prime factors of 25118107?
7, 1187, 3023
List the prime factors of 33877611.
3, 241, 15619
What are the prime factors of 5129588149?
7, 61, 12013087
What are the prime factors of 14416299?
3, 177979
List the prime factors of 376040072.
2, 47005009
What are the prime factors of 4199070178?
2, 2099535089
What are the prime factors of 51149720?
2, 5, 61, 20963
List the prime factors of 1339654058.
2, 307, 1259, 1733
What are the prime factors of 4529915109?
3, 43, 11705207
What are the prime factors of 5620634593?
7, 802947799
List the prime factors of 343017968.
2, 21438623
List the prime factors of 46919403.
3, 5213267
List the prime factors of 482628030.
2, 3, 5, 16087601
List the prime factors of 21575281.
7, 13, 237091
What are the prime factors of 2196589146?
2, 3, 109, 113, 29723
List the prime factors of 196843788.
2, 3, 41, 193, 691
List the prime factors of 36903772.
2, 41, 225023
List the prime factors of 604704987.
3, 22396481
What are the prime factors of 4240099063?
4240099063
What are the prime factors of 43341534?
2, 3, 17, 31, 1523
List the prime factors of 83978977.
53, 1584509
What are the prime factors of 3169862644?
2, 13, 19, 269, 11927
What are the prime factors of 572782185?
3, 5, 47, 30091
What are the prime factors of 2421575470?
2, 5, 23, 181, 58169
List the prime factors of 1015353411.
3, 7529, 44953
List the prime factors of 29850837.
3, 229, 43451
What are the prime factors of 1369215464?
2, 171151933
What are the prime factors of 382965950?
2, 5, 1009, 7591
List the prime factors of 370067921.
19, 257, 75787
What are the prime factors of 465690281?
7, 66527183
List the prime factors of 197251529.
197251529
What are the prime factors of 1018013661?
3, 7, 607, 3803
What are the prime factors of 144762061?
239, 467, 1297
What are the prime factors of 472796228?
2, 19, 6221003
What are the prime factors of 29692099?
167, 177797
List the prime factors of 2178005427.
3, 13, 43, 47, 61, 151
What are the prime factors of 104891690?
2, 5, 10489169
What are the prime factors of 147943460?
2, 5, 7, 1056739
What are the prime factors of 296437426?
2, 4129, 35897
What are the prime factors of 128546352?
2, 3, 11, 71, 127
What are the prime factors of 12642403?
229, 55207
List the prime factors of 479814588.
2, 3, 11, 1211653
What are the prime factors of 128180900?
2, 5, 1281809
List the prime factors of 501921651.
3, 7, 11, 17, 19, 31
What are the prime factors of 446251643?
446251643
List the prime factors of 211629391.
19, 47, 12473
What are the prime factors of 62091106?
2, 7, 11, 17, 37, 641
List the prime factors of 37216970.
2, 5, 7, 151, 503
What are the prime factors of 114723083?
19, 6038057
What are the prime factors of 263938677?
3, 809, 108751
List the prime factors of 3180243.
3, 11, 8761
What are the prime factors of 944452117?
7, 59, 326687
What are the prime factors of 4802002985?
5, 13, 941, 78509
List the prime factors of 1623276864.
2, 3, 11, 256199
What are the prime factors of 132298126?
2, 66149063
What are the prime factors of 70068694?
2, 19, 127, 14519
List the prime factors of 906635611.
7, 129519373
What are the prime factors of 207148692?
2, 3, 17262391
List the prime factors of 73282277.
43, 83, 20533
List the prime factors of 3642136463.
7, 31, 16784039
List the prime factors of 157385268.
2, 3, 1999
What are the prime factors of 2302449691?
53, 2749, 15803
What are the prime factors of 35070819?
3, 7, 227, 1051
List the prime factors of 423955276.
2, 105988819
What are the prime factors of 2134745744?
2, 133421609
List the prime factors of 577327937.
577327937
What are the prime factors of 80722053?
3, 8969117
What are the prime factors of 5016117023?
5016117023
What are the prime factors of 141600113?
141600113
List the prime factors of 462027401.
11, 41, 227, 4513
List the prime factors of 115147008.
2, 3, 617
List the prime factors of 3213578.
2, 17, 47, 2011
List the prime factors of 26746566.
2, 3, 7, 11, 19, 277
What are the prime factors of 1641593220?
2, 3, 5, 31, 882577
List the prime factors of 8728981384.
2, 1901, 573973
What are the prime factors of 702648?
2, 3, 3253
What are the prime factors of 1113393351?
3, 7, 4327, 12253
What are the prime factors of 2096871797?
23, 91168339
List the prime factors of 277526626.
2, 13, 10674101
What are the prime factors of 2497808254?
2, 79, 173, 91381
List the prime factors of 1797335459.
35923, 50033
What are the prime factors of 29016092?
2, 7, 67, 15467
List the prime factors of 49752473.
23, 167, 12953
What are the prime factors of 2408852834?
2, 12653, 95189
What are the prime factors of 1645054972?
2, 11, 41, 911893
What are the prime factors of 604502933?
97, 1201, 5189
List the prime factors of 430686488.
2, 53835811
List the prime factors of 2900703929.
307, 2089, 4523
List the prime factors of 199816895.
5, 17, 199, 11813
List the prime factors of 36016970.
2, 5, 11, 19, 907
What are the prime factors of 588956144?
2, 7, 41, 128257
List the prime factors of 102232119.
3, 11, 71, 43633
What are the prime factors of 720460101?
3, 241, 996487
What are the prime factors of 5882507296?
2, 183828353
What are the prime factors of 1126843923?
3, 29, 12952229
List the prime factors of 565505055.
3, 5, 3361, 3739
List the prime factors of 593560838.
2, 13, 47, 485729
List the prime factors of 532154004.
2, 3, 337, 131591
List the prime factors of 45331435.
5, 17, 19, 28069
What are the prime factors of 952315398?
2, 3, 29, 37, 49307
What are the prime factors of 51178609?
19, 141769
What are the prime factors of 19376393?
19376393
What are the prime factors of 983012602?
2, 11, 13, 3437107
What are the prime factors of 499969251?
3, 29, 1915591
What are the prime factors of 6649325579?
13, 511486583
What are the prime factors of 360245932?
2, 90061483
What are the prime factors of 802881743?
24181, 33203
List the prime factors of 1076277212.
2, 653, 412051
What are the prime factors of 1891813918?
2, 773, 1223683
List the prime factors of 241122380.
2, 5, 59, 233, 877
What are the prime factors of 1005891608?
2, 83, 1514897
What are the prime factors of 40080185?
5, 8016037
What are the prime factors of 182633200?
2, 5, 83, 5501
List the prime factors of 81554651.
53, 73, 107, 197
What are the prime factors of 333519232?
2, 83, 31393
What are the prime factors of 2838966125?
5, 619, 36691
List the prime factors of 483878585.
5, 96775717
What are the prime factors of 391845335?
5, 7, 229, 48889
List the prime factors of 602720959.
157, 653, 5879
What are the prime factors of 77172258?
2, 3, 419, 30697
List the prim